{"id":288,"date":"2020-12-11T16:10:35","date_gmt":"2020-12-11T15:10:35","guid":{"rendered":"https:\/\/sviluppo.marionegri.it\/amici_wordpress\/?page_id=288"},"modified":"2021-07-21T16:50:51","modified_gmt":"2021-07-21T14:50:51","slug":"dona-un-progetto","status":"publish","type":"page","link":"https:\/\/amici.marionegri.it\/index.php\/mesmerize\/donazioni\/dona-un-progetto\/","title":{"rendered":"Dona un progetto"},"content":{"rendered":"<p><span style=\"color: #000000;\"><strong>MARIO NEGRI YOUNG INVESTIGATOR GRANT<\/strong><\/span><\/p>\n<p><span style=\"color: #000000;\">Supporta un giovane ricercatore a concretizzare il suo sogno di ricerca.<\/span><\/p>\n<p><span style=\"color: #000000;\">Il sogno di ogni ricercatore \u00e8 quello di potersi confrontare e formare in ambienti stimolanti e sfidanti e avere l\u2019opportunit\u00e0 di lasciare un segno nel proprio campo di ricerca. Poich\u00e9 la qualit\u00e0 della ricerca dipende da chi la conduce, vogliamo premiare i giovani pi\u00f9 talentuosi e brillanti aiutandoli a perfezionare le proprie idee di ricerca e dando loro una chance per applicare ai pi\u00f9 prestigiosi bandi di ricerca europei.<\/span><\/p>\n<p><span style=\"color: #000000;\">Con la tua donazione puoi accompagnare un giovane in questa sfidante esperienza ed affiancarlo nel suo percorso formativo professionale e umano.<\/span><\/p>\n<p><span style=\"color: #000000;\">Sostieni la borsa di studio Young Investigator Grant.<\/span><\/p>\n","protected":false},"excerpt":{"rendered":"<p>MARIO NEGRI YOUNG INVESTIGATOR GRANT Supporta un giovane ricercatore a concretizzare il suo sogno di ricerca. Il sogno di ogni ricercatore \u00e8 quello di potersi confrontare e formare in ambienti stimolanti e sfidanti e avere l\u2019opportunit\u00e0 di lasciare un segno nel proprio campo di ricerca. Poich\u00e9 la qualit\u00e0 della ricerca dipende da chi la conduce,&hellip; <br \/> <a class=\"read-more\" href=\"https:\/\/amici.marionegri.it\/index.php\/mesmerize\/donazioni\/dona-un-progetto\/\">Leggi tutto<\/a><\/p>\n","protected":false},"author":2,"featured_media":0,"parent":256,"menu_order":2,"comment_status":"closed","ping_status":"closed","template":"","meta":{"_links_to":"","_links_to_target":""},"_links":{"self":[{"href":"https:\/\/amici.marionegri.it\/index.php\/wp-json\/wp\/v2\/pages\/288"}],"collection":[{"href":"https:\/\/amici.marionegri.it\/index.php\/wp-json\/wp\/v2\/pages"}],"about":[{"href":"https:\/\/amici.marionegri.it\/index.php\/wp-json\/wp\/v2\/types\/page"}],"author":[{"embeddable":true,"href":"https:\/\/amici.marionegri.it\/index.php\/wp-json\/wp\/v2\/users\/2"}],"replies":[{"embeddable":true,"href":"https:\/\/amici.marionegri.it\/index.php\/wp-json\/wp\/v2\/comments?post=288"}],"version-history":[{"count":4,"href":"https:\/\/amici.marionegri.it\/index.php\/wp-json\/wp\/v2\/pages\/288\/revisions"}],"predecessor-version":[{"id":771,"href":"https:\/\/amici.marionegri.it\/index.php\/wp-json\/wp\/v2\/pages\/288\/revisions\/771"}],"up":[{"embeddable":true,"href":"https:\/\/amici.marionegri.it\/index.php\/wp-json\/wp\/v2\/pages\/256"}],"wp:attachment":[{"href":"https:\/\/amici.marionegri.it\/index.php\/wp-json\/wp\/v2\/media?parent=288"}],"curies":[{"name":"wp","href":"https:\/\/api.w.org\/{rel}","templated":true}]}}